p - 22. Let f be r(-7). Let s = -6 + f. Suppose l - 2*t - 25 = s, -2*l = -l + 3*t - 10. What is the units digit of l?
9
Suppose 10719 = 6*w + 2511. What is the units digit of w?
8
Let w be (20/35)/((-4)/(-14)). What is the tens digit of w - 3/((-9)/96)?
3
Let h(d) be the second derivative of d**5/20 - d**4 + 2*d**3 - 5*d**2/2 + 2*d. Let s be h(11). Let n = 0 + s. What is the units digit of n?
6
Suppose -3*n - 6 = 2*o, -2*n - 2*n - 3*o = 9. Suppose -4*l + 23*l - 532 = n. What is the units digit of l?
8
Let o be (-1 - 715)/((-10)/20). Suppose -12*u + o - 232 = 0. What is the hundreds digit of u?
1
Let j be 12/(-7)*(-3 + 10). What is the units digit of 284*(4 - (-45)/j)?
1
Let p(w) = -w**2 + 6*w + 246. What is the tens digit of p(16)?
8
Suppose -4*g = -2*m + 144, 2*g = 5*m + g - 351. Let x = 24 + m. Suppose -3*p = -p - x. What is the tens digit of p?
4
Let d(o) = -o + 28. Let g be d(26). Suppose a + 3*b + g*b = 116, a - 2*b - 88 = 0. What is the units digit of a?
6
Suppose 5*m + 4*y - 15464 = 0, 27*y - 3089 = -m + 30*y. What is the hundreds digit of m?
0
Suppose -2*v + v + 4*m = 17, 0 = -3*v + 2*m - 1. Suppose -103 - 50 = -v*p. What is the tens digit of p?
5
Suppose 2*k - 2 = 0, -36*n - 4*k - 2796 = -37*n. What is the units digit of n?
0
Suppose -d + 1 = -3. Let k(j) = j**2 - 9*j - 18. Let z be k(11). Suppose -4*g + d = -z. What is the units digit of g?
2
Let y(s) = -s**3 + 7*s**2 + s + 8. Let x be 0/(-5) - (-9 - -3). Suppose 2*d - d - x = 0. What is the units digit of y(d)?
0
Let f = 1036 - 423. What is the hundreds digit of f?
6
Let y(z) = 2*z**2 + 31*z + 11. Let x(h) = -h - 1. Let n(d) = -4*x(d) + y(d). What is the units digit of n(-18)?
3
What is the hundreds digit of (-5)/(-10) - (-5790)/4?
4
Let y(q) = -q**2 - q + 2. Let t be y(-2). Suppose -l + 5*l - 232 = t. What is the tens digit of l?
5
Suppose 0 = -24*n + 992 + 7768. What is the hundreds digit of n?
3
Let o be 2/3 - (-109)/3. Let n(g) = 50*g**2 - 7 + 2*g**3 + 11*g - g**3 - o*g**2. What is the units digit of n(-12)?
5
Let f = 44 + -64. Let v = 29 + f. Let g = 8 + v. What is the tens digit of g?
1
Let b(p) be the second derivative of p**4/12 + 2*p**3/3 - 3*p**2/2 - 6*p. What is the tens digit of b(4)?
2
Let w be 4 + -1 - 1*-27. Suppose 12 + w = 3*k. Let q = 15 + k. What is the tens digit of q?
2
Let c = -8828 - -12645. What is the thousands digit of c?
3
Suppose 0 = -2*x - 4*x + 30. Suppose -27 = 2*z - t - 2*t, -37 = 2*z - x*t. What is the units digit of (11/((-11)/z))/1?
6
Let n = 398 + 11. What is the hundreds digit of n?
4
Suppose p = -4*p. Suppose p*z - 155 = -5*z. What is the units digit of z?
1
Let m(t) = 8*t**3 + 18*t**2 - 7*t + 45. What is the tens digit of m(8)?
3
Suppose 0 = b + b + 2*t + 348, 5*t - 669 = 4*b. Let j be b/(-54) + 2/(-12). Suppose 5*k - y - 127 = 3*y, 5*y = j*k - 71. What is the tens digit of k?
2
Suppose -3*a - 8 - 40 = -u, -5*a + 340 = 5*u. Suppose -5*n + u - 38 = 0. What is the units digit of n?
5
Suppose k = l, 0*k = -2*k - 5*l + 14. Suppose -k*v + 4*o = -4*v - 16, 4*v + 5*o + 44 = 0. Let j = 28 + v. What is the units digit of j?
2
What is the thousands digit of (2 - 136/85) + 10646/10?
1
Suppose 0 = n + 5*q - 47, 4*q - 63 = -4*n + 173. Suppose 0 = -b + 3, 2*w - 4*w + 4*b = -n. What is the tens digit of w?
3
Suppose 0 = 3*s - 2*u + 7*u + 1297, 0 = 2*s + 4*u + 866. What is the units digit of (-2)/(-2 + (-852)/s)?
3
Let i(p) = 0*p - 16 - p + 2 - p. Let h be i(-14). Suppose 3*o = 2*o + h. What is the units digit of o?
4
Let a(i) = -4*i**2 - 81*i + 1. Let z be a(-20). Let f be 1 - (-1 + 3*1). What is the tens digit of ((-198)/z)/(f/7)?
6
Suppose -3*g = 2*a - 205, -3*g + 2*a + 9 = -176. Suppose 3*u = g + 22. What is the tens digit of u?
2
Let u = 6 + 0. Suppose -4*c = 5*p + 584, -u*p - 584 = 4*c - 2*p. What is the tens digit of c/(-10) - 4/(-10)?
1
Let i be -2 - -2 - 3 - -3. Suppose i = 8*c + 4*c - 516. What is the tens digit of c?
4
Let f(g) = -6 + 55*g**2 - 70*g**2 - g**3 - 15*g + 0. What is the units digit of f(-14)?
8
Let y(z) = 3*z**3 + 2*z**2 - 3*z. Let r = -6 + 11. Suppose 3 + 0 = -n, 0 = 4*t - r*n - 23. What is the units digit of y(t)?
6
Suppose 5*i - 7*i = -272. Suppose 3*a + 2*a + 2*p = -i, -3*p = -a - 34. What is the tens digit of 0 - (-9)/((-9)/a)?
2
Let q(g) = -244*g**3 - g**2 - 4*g - 2. What is the hundreds digit of q(-1)?
2
Let q be (55/30)/(1/6). Let u(i) = -q*i**2 + 39 + i + 12*i**2 + 2*i**3 - i**3. What is the tens digit of u(0)?
3
Let h = -68 + 72. Suppose 4*w = h*f - 125 - 171, -5*f + w + 354 = 0. What is the tens digit of f?
7
Let m(w) = 68*w - 48. What is the units digit of m(18)?
6
Let f be 1 - 5/(10/(-284)). Let w = f - 98. What is the units digit of w?
5
Let c = -52 - -50. What is the tens digit of c/10 - 2504/(-20)?
2
Suppose -72*b - 2883 = -75*b. What is the tens digit of b?
6
Suppose 0*b - 39 = -3*b. Let w = -13 + b. Suppose 2*s = 4 - w. What is the units digit of s?
2
Let p = 1109 + -458. What is the units digit of p?
1
Suppose 0 = -13*i + 71 + 150. Let l = i + 105. What is the hundreds digit of l?
1
Let h = 210 + -124. Let w = 123 - h. What is the units digit of w?
7
Let x be (-13)/((-39)/12) + -4. Let h be (-1 - 11)*68/(-6). Suppose x = 4*m - h - 28. What is the units digit of m?
1
Suppose 2*r = 3*r + 118. What is the units digit of (-2*r/(-8))/(5/(-10))?
9
Let i(z) = -z**3 + 11*z**2 - 8*z - 12. Let s be i(10). What is the tens digit of (8 - 52)*(-7)/s*2?
7
Let b = 193 + -91. What is the tens digit of b?
0
Suppose 20*z = 12*z + 784. Let w be (21/(-2))/(2/12). Let k = w + z. What is the tens digit of k?
3
Let o = 7627 - 4151. What is the tens digit of o?
7
Suppose 2*v = -2*o + 6026, v = 2*o - 4014 - 2024. What is the thousands digit of o?
3
Let w(u) = -2*u. Let a(i) = i + 1. Let g(m) = -a(m) - w(m). Let n be g(9). What is the units digit of (-3)/4 + 62/n?
7
What is the hundreds digit of 16195/5 - (-10 + 1)?
2
Suppose 2*u + 2 = 4. What is the units digit of 50 + (-4 + 4)/u?
0
Let g = -39 + 39. Suppose -u + g + 9 = -2*s, -3*u - 5*s + 38 = 0. What is the tens digit of u?
1
Let u be (6/(-8))/3 + (-33)/12. What is the units digit of (4 - 33)/(1/u)?
7
Suppose -4*k - 5*o = -22 - 1, -4*k + 5*o = -73. Let u = 17 - k. Suppose -5*y = h + 2*h - 41, u*y = 2*h - 19. What is the units digit of h?
2
Let d(l) be the first derivative of 3*l**2/2 + 52*l - 18. What is the tens digit of d(7)?
7
Let p(g) = 6*g**2 - 3*g. Let f be p(3). Suppose u + 4*u = f. What is the units digit of (u + -3)/((-1)/(-3))?
8
Let u(y) = 6*y**2 - 14*y - 461. What is the units digit of u(-18)?
5
Let o(v) = -v**2 - 7*v + 6. Let g be o(-10). Let h = g - -31. Suppose 0 = -h*t + 5*t + 34. What is the tens digit of t?
1
Let x = -52 - -55. What is the hundreds digit of (-15)/10*(-292)/x?
1
Suppose n + 3*k - 7*k = 2819, -4*k + 2779 = n. What is the units digit of n?
9
Let y(m) = -m**3 + 6*m**2 - 4*m - 1. Let i be y(5). Suppose 5*k = -25, -i*k = -v - 3*v + 124. What is the units digit of v?
6
Suppose 6*l - 4461 = 2889. What is the tens digit of l?
2
Suppose 3*m + 126 = 126. Suppose -5*b + 3 + 242 = m. What is the units digit of b?
9
Let a(z) = -z**3 + 8*z**2 - 6*z + 17. Let m be a(8). Let b = -26 - m. Suppose -b*x + 4*x = -64. What is the units digit of x?
4
Let q = 6 + -6. Let g = q - -2. What is the tens digit of (-2 - 18)/(-2)*g?
2
Suppose -4*d + 1658 = -526. What is the hundreds digit of d?
5
Suppose -6*w - 10*w = -2736. Let h = 420 - w. What is the tens digit of h?
4
Suppose -5*f + 7250 = 3*l, -4*f + 12105 = -8*l + 13*l. What is the tens digit of l?
2
Let c be (-9)/6*96/18. What is the hundreds digit of 3 - (6 - 10)*(-198)/c?
1
Let h(w) = 3*w**3 - 11*w**2 - 9*w - 12. Let g(x) = x**3 + x - 1. Let b(o) = -2*g(o) + h(o). Let f be b(12). Suppose -f - 7 = -c. What is the units digit of c?
9
Let a = -60 - -68. Suppose -a*o - 396 = -12*o. What is the units digit of o?
9
Let p(h) = -2*h**2 - 6*h - 5. Suppose 2*v - 2*s - 2 = -8, 5*v - 4*s + 17 = 0. Let g be p(v). Let c = -12 - g. What is the units digit of c?
3
Let r = 103 - 72. Let a = 57 - r. What is the units digit of a?
6
Let l = 2876 + 3513. What is the thousands digit of l?
6
Let h(n) = n - 3. Let t be h(7). Suppose -t*u = 2*w - 5*w + 164, -5*u + 3*w - 208 = 0. What is the units digit of (-2 - u/12)*3?
5
Let b(v) = -v - 11. Let g